 20909 and 6467.
29
Calculate the greatest common factor of 66 and 1640089.
11
Calculate the highest common factor of 155 and 574328785.
155
Calculate the greatest common factor of 657925 and 12175.
25
Calculate the highest common divisor of 139763 and 3718.
169
Calculate the highest common factor of 23068 and 46294.
158
What is the greatest common factor of 80814861 and 27?
27
What is the highest common divisor of 19968 and 460200?
312
Calculate the highest common factor of 153534 and 192.
6
What is the highest common divisor of 3108320 and 7520?
160
Calculate the highest common factor of 290517 and 274944.
537
Calculate the highest common factor of 688466 and 19669.
17
Calculate the highest common divisor of 440 and 1832024.
8
Calculate the highest common factor of 649 and 2171010787.
649
What is the highest common divisor of 247 and 46040325?
19
What is the highest common factor of 466 and 122?
2
What is the highest common divisor of 667290 and 46748?
754
What is the greatest common factor of 6060 and 21637230?
3030
What is the highest common divisor of 140 and 918162?
14
What is the greatest common factor of 944 and 119696604?
236
What is the highest common divisor of 1890 and 138558168?
378
What is the highest common factor of 2412 and 16057287?
603
Calculate the highest common factor of 107986495 and 805.
115
What is the greatest common factor of 29478456 and 28?
28
What is the greatest common factor of 53313677 and 1137321?
14041
Calculate the highest common divisor of 11757870 and 1395.
45
What is the highest common factor of 3481960 and 3240?
40
What is the greatest common factor of 6600 and 446194650?
1650
Calculate the highest common factor of 138749172 and 1292.
1292
Calculate the highest common divisor of 196458 and 1370904.
1434
What is the highest common factor of 74 and 58218834?
74
What is the greatest common divisor of 24 and 3483976968?
24
Calculate the greatest common divisor of 483523986 and 15108.
7554
What is the greatest common divisor of 33137261 and 395?
79
Calculate the greatest common divisor of 410362652 and 898.
898
What is the highest common factor of 32390786 and 3769?
3769
What is the highest common factor of 33697075 and 4309?
139
What is the greatest common factor of 12880 and 12521936?
2576
What is the highest common divisor of 169235 and 43945?
935
Calculate the highest common divisor of 219471308 and 2.
2
What is the greatest common factor of 110683 and 258749?
733
Calculate the highest common divisor of 25185072 and 108.
12
What is the greatest common factor of 1104 and 810291472?
368
What is the highest common divisor of 273513598 and 2248?
562
Calculate the greatest common factor of 19166910 and 168.
42
Calculate the highest common divisor of 360 and 463560.
120
Calculate the highest common factor of 2906031 and 17.
17
Calculate the greatest common factor of 616 and 1656600.
88
What is the highest common factor of 387050645 and 85?
85
Calculate the highest common divisor of 3296075 and 64325.
775
Calculate the highest common divisor of 1162207527 and 717.
717
What is the highest common divisor of 3513736117 and 37?
37
Calculate the greatest common factor of 975 and 931710.
195
What is the highest common factor of 2681 and 66646979?
2681
What is the highest common divisor of 71626 and 2250756?
1214
What is the greatest common factor of 14016 and 143737?
73
What is the highest common divisor of 3300 and 31493220?
660
Calculate the highest common divisor of 2940 and 69809908.
196
Calculate the greatest common divisor of 194492261 and 295.
59
Calculate the greatest common divisor of 33036108 and 84.
84
What is the highest common divisor of 679310695 and 35?
35
What is the highest common factor of 12540 and 5485?
5
What is the highest common factor of 48868 and 3619044?
76
What is the greatest common divisor of 13518 and 10299214?
1502
What is the highest common divisor of 241501 and 1703?
13
Calculate the highest common factor of 10368 and 15120384.
384
Calculate the highest common factor of 1596 and 6085567.
19
What is the greatest common factor of 596600 and 12717?
157
What is the greatest common factor of 253648 and 104912?
1328
What is the greatest common factor of 636825 and 401100?
525
Calculate the highest common factor of 7940550 and 4650.
150
Calculate the highest common divisor of 86932 and 138416.
844
What is the highest common factor of 403475 and 100?
25
What is the highest common divisor of 28705520 and 13430?
170
What is the highest common factor of 2699900 and 16660?
980
What is the highest common factor of 4839 and 67179?
3
Calculate the greatest common factor of 34784409 and 3.
3
What is the greatest common divisor of 2471769 and 351?
27
What is the highest common factor of 8529709 and 158?
79
Calculate the highest common divisor of 27 and 5422833.
9
Calculate the highest common factor of 44247 and 2529303.
903
What is the greatest common factor of 13379562 and 1134?
126
Calculate the highest common divisor of 867 and 20799.
3
Calculate the highest common divisor of 1736429 and 193625.
1549
What is the highest common divisor of 491670 and 258390?
810
Calculate the highest common divisor of 144213 and 35510.
53
Calculate the greatest common factor of 1454532 and 6758085.
6861
Calculate the highest common factor of 24676 and 182284.
796
What is the highest common factor of 6892364 and 1472?
92
Calculate the greatest common factor of 2631 and 10132858.
877
Calculate the highest common divisor of 298167860 and 46.
46
Calculate the highest common factor of 3341 and 3819791.
257
Calculate the highest common factor of 31209 and 54237.
303
Calculate the greatest common divisor of 99151 and 8323783.
377
Calculate the greatest common divisor of 230 and 887984.
46
Calculate the greatest common factor of 130185 and 1500678.
2367
Calculate the greatest common factor of 148 and 6225694.
74
What is the greatest common divisor of 13704 and 897888?
24
Calculate the greatest common divisor of 19547722 and 1.
1
Calculate the highest common factor of 210160 and 186588.
284
Calculate the greatest common divisor of 3035897 and 6388.
1597
Calculate the highest common divisor of 12452337 and 630.
9
Calculate the greatest common divisor of 305970552 and 648.
72
What is the greatest common divisor of 39788 and 14958916?
1372
What is the greatest common factor of 307195 and 25515?
35
Calculate the highest common factor of 10744025 and 14725.
475
Calculate the highest common divisor of 2166987 and 765951.
3849
Calculate the highest common factor of 41832 and 2742264.
504
What is the highest common factor of 2212 and 134379?
553
Calculate the greatest common factor of 18083 and 167562.
107
Calculate the highest common factor of 819202014 and 3798.
3798
What is the greatest common factor of 791954 and 17950?
718
What is the highest common divisor of 4 and 5224892?
4
Calculate the greatest common divisor of 52 and 39460733.
13
Calculate the highest common divisor of 14 and 63060046.
14
What is the highest common factor of 308153402 and 92?
46
Calculate the highest common divisor of 3140 and 24560.
20
What is the highest common divisor of 904553 and 299?
13
What is the highest common divisor of 43220700 and 84?
12
Calculate the highest common divisor of 4477 and 1591777.
407
What is the highest common divisor of 16 and 330462?
2
What is the highest common divisor of 9604 and 19193692?
196
Calculate the greatest common divisor of 964690 and 1040.
10
What is the highest common factor of 121 and 27192?
11
What is the greatest common divisor of 606562 and 199870?
1738
What is the highest common divisor of 13258920 and 8280?
120
What is the greatest common factor of 93311 and 10304?
23
Calculate the greatest common factor of 6106032 and 2304.
144
Calculate the highest common divisor of 512 and 1262496.
32
What is the greatest common factor of 354 and 94998?
6
Calculate the highest common divisor of 137 and 357238597.
137
What is the highest common factor of 107308640 and 160?
160
Calculate the highest common factor of 2441 and 9158.
1
What is the highest common divisor of 474897 and 69664?
311
Calculate the greatest common factor of 35231603 and 11.
11
What is the highest common factor of 1509023 and 5229?
83
What is the